{"id":76,"date":"2013-06-07T11:28:45","date_gmt":"2013-06-07T11:28:45","guid":{"rendered":"http:\/\/demo.woothemes.com\/woocommerce\/?post_type=product&#038;p=76"},"modified":"2021-12-01T15:39:11","modified_gmt":"2021-12-01T15:39:11","slug":"cras-mauris","status":"publish","type":"product","link":"https:\/\/biosene.net\/index.php\/produit\/cras-mauris\/","title":{"rendered":"Fonio 500g"},"content":{"rendered":"<p>Le fonio est une c\u00e9r\u00e9ale tr\u00e8s riche d\u2019un point de vue nutritif. On y trouve en effet du magn\u00e9sium, du zinc, du calcium, des acides amin\u00e9s non soufr\u00e9s et du mangan\u00e8se. Ce sont autant de substances organiques indispensables au bon fonctionnement de l\u2019organisme.<\/p>\n","protected":false},"excerpt":{"rendered":"<p>Le fonio est une c\u00e9r\u00e9ale tr\u00e8s riche d\u2019un point de vue nutritif. On y trouve en effet du magn\u00e9sium, du zinc, du calcium, des acides amin\u00e9s<span class=\"excerpt-hellip\"> [\u2026]<\/span><\/p>\n","protected":false},"featured_media":399,"template":"","meta":[],"_links":{"self":[{"href":"https:\/\/biosene.net\/index.php\/wp-json\/wp\/v2\/product\/76"}],"collection":[{"href":"https:\/\/biosene.net\/index.php\/wp-json\/wp\/v2\/product"}],"about":[{"href":"https:\/\/biosene.net\/index.php\/wp-json\/wp\/v2\/types\/product"}],"wp:featuredmedia":[{"embeddable":true,"href":"https:\/\/biosene.net\/index.php\/wp-json\/wp\/v2\/media\/399"}],"wp:attachment":[{"href":"https:\/\/biosene.net\/index.php\/wp-json\/wp\/v2\/media?parent=76"}],"curies":[{"name":"wp","href":"https:\/\/api.w.org\/{rel}","templated":true}]}}