{"id":242,"date":"2021-04-16T15:41:03","date_gmt":"2021-04-16T13:41:03","guid":{"rendered":"https:\/\/update.biosene.net\/?post_type=product&#038;p=242"},"modified":"2021-12-01T15:56:18","modified_gmt":"2021-12-01T15:56:18","slug":"moringa","status":"publish","type":"product","link":"https:\/\/biosene.net\/index.php\/produit\/moringa\/","title":{"rendered":"Pourdre de Moringa 150g"},"content":{"rendered":"<p>Originaire d\u2019inde, le Moringa est un arbre connu pour sa r\u00e9sistance \u00e0 la s\u00e9cheresse et aux maladies. Du fait de ses nombreuses propri\u00e9t\u00e9s valorisables, cette plante a fait l\u2019objet de plusieurs \u00e9tudes int\u00e9ressantes. En effet, ont \u00e9t\u00e9 mis en \u00e9vidence : sa richesse en prot\u00e9ines, en min\u00e9raux, et la pr\u00e9sence de divers compos\u00e9s potentiellement actifs tels que des carot\u00e9no\u00efdes et des polyph\u00e9nols. En tant que compl\u00e9ment alimentaire, ses feuilles sont r\u00e9colt\u00e9es, puis s\u00e9ch\u00e9es dans des conditions permettant d\u2019en pr\u00e9server les nutriments intacts.<\/p>\n","protected":false},"excerpt":{"rendered":"<p>Originaire d\u2019inde, le Moringa est un arbre connu pour sa r\u00e9sistance \u00e0 la s\u00e9cheresse et aux maladies. Du fait de ses nombreuses propri\u00e9t\u00e9s valorisables, cette plante<span class=\"excerpt-hellip\"> [\u2026]<\/span><\/p>\n","protected":false},"featured_media":394,"template":"","meta":[],"_links":{"self":[{"href":"https:\/\/biosene.net\/index.php\/wp-json\/wp\/v2\/product\/242"}],"collection":[{"href":"https:\/\/biosene.net\/index.php\/wp-json\/wp\/v2\/product"}],"about":[{"href":"https:\/\/biosene.net\/index.php\/wp-json\/wp\/v2\/types\/product"}],"wp:featuredmedia":[{"embeddable":true,"href":"https:\/\/biosene.net\/index.php\/wp-json\/wp\/v2\/media\/394"}],"wp:attachment":[{"href":"https:\/\/biosene.net\/index.php\/wp-json\/wp\/v2\/media?parent=242"}],"curies":[{"name":"wp","href":"https:\/\/api.w.org\/{rel}","templated":true}]}}